{"id":12,"date":"2025-07-06T13:30:02","date_gmt":"2025-07-06T13:30:02","guid":{"rendered":"https:\/\/kamilozekli.inodemo.com.tr\/?page_id=12"},"modified":"2025-07-06T13:52:25","modified_gmt":"2025-07-06T13:52:25","slug":"about-us","status":"publish","type":"page","link":"https:\/\/kamilozekli.inodemo.com.tr\/?page_id=12","title":{"rendered":"Uzm. Dr. Kamil \u00d6ZEKL\u0130 Hakk\u0131nda"},"content":{"rendered":"<p data-start=\"359\" data-end=\"656\">Tiroid hastal\u0131klar\u0131 ve endokrinoloji alan\u0131nda uzun y\u0131llara dayanan bilgi ve deneyimiyle hastalar\u0131na hizmet veren <strong data-start=\"472\" data-end=\"497\">Uzm. Dr. Kamil \u00d6zekli<\/strong>, \u00f6zellikle <strong data-start=\"509\" data-end=\"591\">Ha\u015fimato hastal\u0131\u011f\u0131, hipertiroidi, tiroid nod\u00fclleri, tiroidit ve tiroid kanseri<\/strong> gibi rahats\u0131zl\u0131klar\u0131n tan\u0131 ve tedavisi konusunda uzmanla\u015fm\u0131\u015ft\u0131r.<\/p>\n<p data-start=\"658\" data-end=\"970\">T\u0131p e\u011fitimini ba\u015far\u0131yla tamamlad\u0131ktan sonra i\u00e7 hastal\u0131klar\u0131 ve endokrinoloji alanlar\u0131nda uzmanl\u0131\u011f\u0131n\u0131 alarak T\u00fcrkiye\u2019nin \u00f6nde gelen sa\u011fl\u0131k kurumlar\u0131nda g\u00f6rev yapm\u0131\u015ft\u0131r. Meslek hayat\u0131 boyunca bilimsel g\u00fcncelli\u011fe ve etik de\u011ferlere ba\u011fl\u0131 kalarak, her hastay\u0131 bireysel olarak de\u011ferlendiren bir yakla\u015f\u0131m benimsemi\u015ftir.<\/p>\n<p data-start=\"972\" data-end=\"1046\">Halen kendi \u00f6zel klini\u011fi\u00a0b\u00fcnyesinde hastalar\u0131n\u0131 kabul etmektedir.<\/p>\n<hr data-start=\"1048\" data-end=\"1051\" \/>\n<h3 data-start=\"1053\" data-end=\"1074\">Uzmanl\u0131k Alanlar\u0131<\/h3>\n<ul data-start=\"1076\" data-end=\"1342\">\n<li data-start=\"1076\" data-end=\"1110\">\n<p data-start=\"1078\" data-end=\"1110\">Ha\u015fimato (Hashimoto) Tiroiditi<\/p>\n<\/li>\n<li data-start=\"1111\" data-end=\"1143\">\n<p data-start=\"1113\" data-end=\"1143\">Hipertiroidi (Zehirli Guatr)<\/p>\n<\/li>\n<li data-start=\"1144\" data-end=\"1174\">\n<p data-start=\"1146\" data-end=\"1174\">Tiroid Nod\u00fclleri ve Tan\u0131s\u0131<\/p>\n<\/li>\n<li data-start=\"1175\" data-end=\"1203\">\n<p data-start=\"1177\" data-end=\"1203\">Tiroid Kanseri ve Takibi<\/p>\n<\/li>\n<li data-start=\"1204\" data-end=\"1256\">\n<p data-start=\"1206\" data-end=\"1256\">Tiroid Hastal\u0131klar\u0131nda Radyoiyot (Atom) Tedavisi<\/p>\n<\/li>\n<li data-start=\"1257\" data-end=\"1286\">\n<p data-start=\"1259\" data-end=\"1286\">Kronik Yorgunluk Sendromu<\/p>\n<\/li>\n<li data-start=\"1287\" data-end=\"1342\">\n<p data-start=\"1289\" data-end=\"1342\">Endokrin sistem hastal\u0131klar\u0131 genel tan\u0131 ve tedavileri<\/p>\n<\/li>\n<\/ul>\n<hr data-start=\"1344\" data-end=\"1347\" \/>\n<h3 data-start=\"1349\" data-end=\"1371\">Hekimlik Yakla\u015f\u0131m\u0131<\/h3>\n<p data-start=\"1373\" data-end=\"1685\">Uzm. Dr. Kamil \u00d6zekli i\u00e7in do\u011fru tan\u0131, zaman\u0131nda m\u00fcdahale ve ki\u015fiye \u00f6zel tedavi planlamas\u0131 esast\u0131r. \u00d6zellikle <strong data-start=\"1483\" data-end=\"1506\">tiroid hastal\u0131klar\u0131<\/strong>, v\u00fccut metabolizmas\u0131n\u0131 do\u011frudan etkiledi\u011finden, tedavi s\u00fcreci boyunca hastalar\u0131yla yak\u0131n ileti\u015fim kurarak hem medikal hem de ya\u015fam tarz\u0131 a\u00e7\u0131s\u0131ndan kapsaml\u0131 bir takip sunmaktad\u0131r.<\/p>\n<hr data-start=\"1687\" data-end=\"1690\" \/>\n<h3 data-start=\"1692\" data-end=\"1712\">\u00c7al\u0131\u015fma Adresi<\/h3>\n<p data-start=\"1713\" data-end=\"1922\">\ud83d\udccd <strong data-start=\"1716\" data-end=\"1756\">Uzm. Dr. Kamil \u00d6ZEKL\u0130 \u00d6zel Klinik<\/strong><br data-start=\"1756\" data-end=\"1759\" \/><a tabindex=\"0\" href=\"https:\/\/www.google.com\/maps\/place\/\/data=!4m2!3m1!1s0x14bbd85e601f24db:0x8ed94e0761298549?sa=X&amp;ved=1t:8290&amp;ictx=111\" data-url=\"\/maps\/place\/\/data=!4m2!3m1!1s0x14bbd85e601f24db:0x8ed94e0761298549?sa=X&amp;ved=2ahUKEwirj-SoqaiOAxXccfEDHeGyAX8Q4kB6BAgGEAA\">Alsancak, 1400. Sk. No:6, 35220 Konak\/\u0130zmir<\/a><br data-start=\"1798\" data-end=\"1801\" \/>\ud83d\udd52 <strong data-start=\"1804\" data-end=\"1825\">\u00c7al\u0131\u015fma Saatleri:<\/strong> Hafta i\u00e7i 10:00 \u2013 17:00 ve Cumartesi 11:00-17:00<br data-start=\"1849\" data-end=\"1852\" \/>\ud83d\udcde <strong data-start=\"1855\" data-end=\"1868\">\u0130leti\u015fim:<\/strong> <a href=\"tel:+90 530 317 88 69\">+90 530 317 88 69<\/a><br data-start=\"1887\" data-end=\"1890\" \/>\ud83d\udce7 <strong data-start=\"1893\" data-end=\"1905\">E-Posta:<\/strong> <a href=\"mailto:kamilozekli2@gmail.com\">kamilozekli2@gmail.com<\/a><\/p>\n<hr data-start=\"1924\" data-end=\"1927\" \/>\n<h3 data-start=\"1929\" data-end=\"1943\">Misyonumuz<\/h3>\n<p data-start=\"1945\" data-end=\"2072\">Tiroid hastal\u0131klar\u0131n\u0131n tan\u0131 ve tedavisinde bilimsel, etik ve bireye \u00f6zel yakla\u015f\u0131m ile y\u00fcksek ya\u015fam kalitesine katk\u0131da bulunmak.<\/p>\n","protected":false},"excerpt":{"rendered":"<p>Tiroid hastal\u0131klar\u0131 ve endokrinoloji alan\u0131nda uzun y\u0131llara dayanan bilgi ve deneyimiyle hastalar\u0131na hizmet veren Uzm. Dr. Kamil \u00d6zekli, \u00f6zellikle Ha\u015fimato hastal\u0131\u011f\u0131, hipertiroidi, tiroid nod\u00fclleri, tiroidit ve tiroid kanseri gibi rahats\u0131zl\u0131klar\u0131n tan\u0131 ve tedavisi konusunda uzmanla\u015fm\u0131\u015ft\u0131r. T\u0131p e\u011fitimini ba\u015far\u0131yla tamamlad\u0131ktan sonra i\u00e7 hastal\u0131klar\u0131 ve endokrinoloji alanlar\u0131nda uzmanl\u0131\u011f\u0131n\u0131 alarak T\u00fcrkiye\u2019nin \u00f6nde gelen sa\u011fl\u0131k kurumlar\u0131nda g\u00f6rev yapm\u0131\u015ft\u0131r. Meslek [&hellip;]<\/p>\n","protected":false},"author":1,"featured_media":0,"parent":0,"menu_order":0,"comment_status":"closed","ping_status":"closed","template":"","meta":{"footnotes":""},"class_list":["post-12","page","type-page","status-publish","hentry"],"yoast_head":"<!-- This site is optimized with the Yoast SEO plugin v25.4 - https:\/\/yoast.com\/wordpress\/plugins\/seo\/ -->\n<title>Uzm. Dr. Kamil \u00d6ZEKL\u0130 Hakk\u0131nda - Uzm. Dr. Kamil \u00d6ZEKL\u0130<\/title>\n<meta name=\"robots\" content=\"index, follow, max-snippet:-1, max-image-preview:large, max-video-preview:-1\" \/>\n<link rel=\"canonical\" href=\"https:\/\/kamilozekli.inodemo.com.tr\/?page_id=12\" \/>\n<meta property=\"og:locale\" content=\"tr_TR\" \/>\n<meta property=\"og:type\" content=\"article\" \/>\n<meta property=\"og:title\" content=\"Uzm. Dr. Kamil \u00d6ZEKL\u0130 Hakk\u0131nda - Uzm. Dr. Kamil \u00d6ZEKL\u0130\" \/>\n<meta property=\"og:description\" content=\"Tiroid hastal\u0131klar\u0131 ve endokrinoloji alan\u0131nda uzun y\u0131llara dayanan bilgi ve deneyimiyle hastalar\u0131na hizmet veren Uzm. Dr. Kamil \u00d6zekli, \u00f6zellikle Ha\u015fimato hastal\u0131\u011f\u0131, hipertiroidi, tiroid nod\u00fclleri, tiroidit ve tiroid kanseri gibi rahats\u0131zl\u0131klar\u0131n tan\u0131 ve tedavisi konusunda uzmanla\u015fm\u0131\u015ft\u0131r. T\u0131p e\u011fitimini ba\u015far\u0131yla tamamlad\u0131ktan sonra i\u00e7 hastal\u0131klar\u0131 ve endokrinoloji alanlar\u0131nda uzmanl\u0131\u011f\u0131n\u0131 alarak T\u00fcrkiye\u2019nin \u00f6nde gelen sa\u011fl\u0131k kurumlar\u0131nda g\u00f6rev yapm\u0131\u015ft\u0131r. Meslek [&hellip;]\" \/>\n<meta property=\"og:url\" content=\"https:\/\/kamilozekli.inodemo.com.tr\/?page_id=12\" \/>\n<meta property=\"og:site_name\" content=\"Uzm. Dr. Kamil \u00d6ZEKL\u0130\" \/>\n<meta property=\"article:modified_time\" content=\"2025-07-06T13:52:25+00:00\" \/>\n<meta name=\"twitter:card\" content=\"summary_large_image\" \/>\n<meta name=\"twitter:label1\" content=\"Tahmini okuma s\u00fcresi\" \/>\n\t<meta name=\"twitter:data1\" content=\"2 dakika\" \/>\n<script type=\"application\/ld+json\" class=\"yoast-schema-graph\">{\"@context\":\"https:\/\/schema.org\",\"@graph\":[{\"@type\":\"WebPage\",\"@id\":\"https:\/\/kamilozekli.inodemo.com.tr\/?page_id=12\",\"url\":\"https:\/\/kamilozekli.inodemo.com.tr\/?page_id=12\",\"name\":\"Uzm. Dr. Kamil \u00d6ZEKL\u0130 Hakk\u0131nda - Uzm. Dr. Kamil \u00d6ZEKL\u0130\",\"isPartOf\":{\"@id\":\"https:\/\/kamilozekli.inodemo.com.tr\/#website\"},\"datePublished\":\"2025-07-06T13:30:02+00:00\",\"dateModified\":\"2025-07-06T13:52:25+00:00\",\"breadcrumb\":{\"@id\":\"https:\/\/kamilozekli.inodemo.com.tr\/?page_id=12#breadcrumb\"},\"inLanguage\":\"tr\",\"potentialAction\":[{\"@type\":\"ReadAction\",\"target\":[\"https:\/\/kamilozekli.inodemo.com.tr\/?page_id=12\"]}]},{\"@type\":\"BreadcrumbList\",\"@id\":\"https:\/\/kamilozekli.inodemo.com.tr\/?page_id=12#breadcrumb\",\"itemListElement\":[{\"@type\":\"ListItem\",\"position\":1,\"name\":\"Anasayfa\",\"item\":\"https:\/\/kamilozekli.inodemo.com.tr\/\"},{\"@type\":\"ListItem\",\"position\":2,\"name\":\"Uzm. Dr. Kamil \u00d6ZEKL\u0130 Hakk\u0131nda\"}]},{\"@type\":\"WebSite\",\"@id\":\"https:\/\/kamilozekli.inodemo.com.tr\/#website\",\"url\":\"https:\/\/kamilozekli.inodemo.com.tr\/\",\"name\":\"Uzm. Dr. Kamil \u00d6ZEKL\u0130\",\"description\":\"\",\"potentialAction\":[{\"@type\":\"SearchAction\",\"target\":{\"@type\":\"EntryPoint\",\"urlTemplate\":\"https:\/\/kamilozekli.inodemo.com.tr\/?s={search_term_string}\"},\"query-input\":{\"@type\":\"PropertyValueSpecification\",\"valueRequired\":true,\"valueName\":\"search_term_string\"}}],\"inLanguage\":\"tr\"}]}<\/script>\n<!-- \/ Yoast SEO plugin. -->","yoast_head_json":{"title":"Uzm. Dr. Kamil \u00d6ZEKL\u0130 Hakk\u0131nda - Uzm. Dr. Kamil \u00d6ZEKL\u0130","robots":{"index":"index","follow":"follow","max-snippet":"max-snippet:-1","max-image-preview":"max-image-preview:large","max-video-preview":"max-video-preview:-1"},"canonical":"https:\/\/kamilozekli.inodemo.com.tr\/?page_id=12","og_locale":"tr_TR","og_type":"article","og_title":"Uzm. Dr. Kamil \u00d6ZEKL\u0130 Hakk\u0131nda - Uzm. Dr. Kamil \u00d6ZEKL\u0130","og_description":"Tiroid hastal\u0131klar\u0131 ve endokrinoloji alan\u0131nda uzun y\u0131llara dayanan bilgi ve deneyimiyle hastalar\u0131na hizmet veren Uzm. Dr. Kamil \u00d6zekli, \u00f6zellikle Ha\u015fimato hastal\u0131\u011f\u0131, hipertiroidi, tiroid nod\u00fclleri, tiroidit ve tiroid kanseri gibi rahats\u0131zl\u0131klar\u0131n tan\u0131 ve tedavisi konusunda uzmanla\u015fm\u0131\u015ft\u0131r. T\u0131p e\u011fitimini ba\u015far\u0131yla tamamlad\u0131ktan sonra i\u00e7 hastal\u0131klar\u0131 ve endokrinoloji alanlar\u0131nda uzmanl\u0131\u011f\u0131n\u0131 alarak T\u00fcrkiye\u2019nin \u00f6nde gelen sa\u011fl\u0131k kurumlar\u0131nda g\u00f6rev yapm\u0131\u015ft\u0131r. Meslek [&hellip;]","og_url":"https:\/\/kamilozekli.inodemo.com.tr\/?page_id=12","og_site_name":"Uzm. Dr. Kamil \u00d6ZEKL\u0130","article_modified_time":"2025-07-06T13:52:25+00:00","twitter_card":"summary_large_image","twitter_misc":{"Tahmini okuma s\u00fcresi":"2 dakika"},"schema":{"@context":"https:\/\/schema.org","@graph":[{"@type":"WebPage","@id":"https:\/\/kamilozekli.inodemo.com.tr\/?page_id=12","url":"https:\/\/kamilozekli.inodemo.com.tr\/?page_id=12","name":"Uzm. Dr. Kamil \u00d6ZEKL\u0130 Hakk\u0131nda - Uzm. Dr. Kamil \u00d6ZEKL\u0130","isPartOf":{"@id":"https:\/\/kamilozekli.inodemo.com.tr\/#website"},"datePublished":"2025-07-06T13:30:02+00:00","dateModified":"2025-07-06T13:52:25+00:00","breadcrumb":{"@id":"https:\/\/kamilozekli.inodemo.com.tr\/?page_id=12#breadcrumb"},"inLanguage":"tr","potentialAction":[{"@type":"ReadAction","target":["https:\/\/kamilozekli.inodemo.com.tr\/?page_id=12"]}]},{"@type":"BreadcrumbList","@id":"https:\/\/kamilozekli.inodemo.com.tr\/?page_id=12#breadcrumb","itemListElement":[{"@type":"ListItem","position":1,"name":"Anasayfa","item":"https:\/\/kamilozekli.inodemo.com.tr\/"},{"@type":"ListItem","position":2,"name":"Uzm. Dr. Kamil \u00d6ZEKL\u0130 Hakk\u0131nda"}]},{"@type":"WebSite","@id":"https:\/\/kamilozekli.inodemo.com.tr\/#website","url":"https:\/\/kamilozekli.inodemo.com.tr\/","name":"Uzm. Dr. Kamil \u00d6ZEKL\u0130","description":"","potentialAction":[{"@type":"SearchAction","target":{"@type":"EntryPoint","urlTemplate":"https:\/\/kamilozekli.inodemo.com.tr\/?s={search_term_string}"},"query-input":{"@type":"PropertyValueSpecification","valueRequired":true,"valueName":"search_term_string"}}],"inLanguage":"tr"}]}},"_links":{"self":[{"href":"https:\/\/kamilozekli.inodemo.com.tr\/index.php?rest_route=\/wp\/v2\/pages\/12","targetHints":{"allow":["GET"]}}],"collection":[{"href":"https:\/\/kamilozekli.inodemo.com.tr\/index.php?rest_route=\/wp\/v2\/pages"}],"about":[{"href":"https:\/\/kamilozekli.inodemo.com.tr\/index.php?rest_route=\/wp\/v2\/types\/page"}],"author":[{"embeddable":true,"href":"https:\/\/kamilozekli.inodemo.com.tr\/index.php?rest_route=\/wp\/v2\/users\/1"}],"replies":[{"embeddable":true,"href":"https:\/\/kamilozekli.inodemo.com.tr\/index.php?rest_route=%2Fwp%2Fv2%2Fcomments&post=12"}],"version-history":[{"count":1,"href":"https:\/\/kamilozekli.inodemo.com.tr\/index.php?rest_route=\/wp\/v2\/pages\/12\/revisions"}],"predecessor-version":[{"id":41,"href":"https:\/\/kamilozekli.inodemo.com.tr\/index.php?rest_route=\/wp\/v2\/pages\/12\/revisions\/41"}],"wp:attachment":[{"href":"https:\/\/kamilozekli.inodemo.com.tr\/index.php?rest_route=%2Fwp%2Fv2%2Fmedia&parent=12"}],"curies":[{"name":"wp","href":"https:\/\/api.w.org\/{rel}","templated":true}]}}